+ 9. Calculate the highest common factor of o and 49.
7
Let g(b) = b**3 - 15*b**2 + 9*b - 25. Let i be g(15). Calculate the highest common factor of i and 22.
22
Suppose 0*p - 192 = -4*p. What is the highest common factor of p and 32?
16
Let b(k) = k**2 + 3*k - 3. Let p be b(-4). Let q be (2 - 1) + p - -13. What is the greatest common factor of q and 6?
3
Suppose 0 = 3*u - 12*u + 189. Calculate the greatest common divisor of u and 21.
21
Suppose 6*i - i = 145. Let v = i - 3. Calculate the highest common divisor of 65 and v.
13
Let q(f) = -54*f + 3. Let m be q(-3). Suppose 3*s - 27 = 2*s + g, m = 5*s + 5*g. Calculate the greatest common factor of 6 and s.
6
Let l = 18 - 11. Suppose -4*v + 2*b = -26, -l = -4*v - 2*b - 1. Calculate the greatest common factor of v and 8.
4
Let w = -64 + 412. Suppose 4*k - w = -4*s, -k + 3*s = 3*k - 355. What is the greatest common divisor of 11 and k?
11
Suppose 0 = -p - 0*p + 16. Suppose 1218 = 52*r - 1278. What is the highest common factor of r and p?
16
Let y = 269 + -177. Suppose 5*l = l + y. Let v = l + -11. What is the greatest common factor of v and 24?
12
Let u(k) be the first derivative of 2*k**2 + k - 5. Let m be u(2). What is the highest common factor of 3 and m?
3
Let b be 4 + -4 + (2 - 0). Suppose 0 = 2*j + b*j - 2*l + 6, 3*j - 13 = 5*l. Let v = 7 + j. What is the highest common divisor of v and 3?
3
Let u(v) be the third derivative of 2*v**5/15 + v**4/12 - v**3/6 - v**2. Let t = 2 - 1. Let o be u(t). What is the highest common divisor of o and 1?
1
Let w be 804/27 - (-5)/(90/4). Calculate the greatest common factor of w and 45.
15
Let k(h) = 8*h**2. Suppose 0 = -5*p + 3*p - 2. Let u be k(p). Let j = -422 - -426. What is the highest common divisor of j and u?
4
Suppose k = m - 10, -2*m - k = -4*k - 24. What is the greatest common divisor of m and 15?
3
Suppose -3*h + 21 = -d, -33 = -5*h - 0*d + d. Calculate the highest common factor of 2 and h.
2
Suppose 2*l + 14 = 5*z - 5, -7 = -3*z - l. Calculate the greatest common factor of z and 33.
3
Suppose 0 = y + 2 + 2. Let c = -1 - y. What is the greatest common divisor of c and 9?
3
Let y be ((-56)/35)/((-1)/10). Let u = 17 - y. Suppose 0 = b + 2*b - 15. What is the greatest common factor of u and b?
1
Suppose 4*h + 153 = 7*h. Calculate the highest common factor of h and 17.
17
Suppose 4 - 1 = -n. Let h = 27 + n. What is the highest common divisor of h and 24?
24
Let r(a) = 0*a**2 + 3*a + a**2 - 1 + 0*a + 0*a. Let m be r(-4). Calculate the greatest common factor of m and 1.
1
Let u(h) = -58*h**2 + h + 3. Let y(s) = -19*s**2 + 1. Let f(l) = 2*u(l) - 7*y(l). Let b be f(1). What is the greatest common factor of 18 and b?
18
Let j(b) = 12*b**2 + 4*b + 6. Let d be j(-4). Let s = -141 - d. Let h = -211 - s. What is the highest common divisor of h and 16?
16
Suppose 0 = 3*c + 2*c - 25. Suppose j + d = 0, -2*d + 20 = 2*j - c*d. What is the greatest common divisor of 36 and j?
4
Let y(l) = -7*l - 12. Let t be y(-12). Calculate the highest common factor of t and 9.
9
Suppose -4*d = 2*c, 20 + 22 = 5*c - 4*d. Calculate the greatest common divisor of c and 6.
6
Suppose 5*s - 2 - 48 = 0. What is the greatest common factor of s and 110?
10
Let z = 7 + 4. Let k = -23 + z. Let i be (-501)/(-12) - 3/k. What is the greatest common divisor of 21 and i?
21
Suppose 0 = -3*y + 3*x - 15, 0 = -5*x + 15. Let o = 1 + y. Let l be (-2 - o)/((-7)/49). Calculate the highest common factor of l and 77.
7
Suppose 2*p = s + 24 + 12, -8 = -p - 2*s. Let w(c) = 2*c**2 - 2. Let o = 7 - 4. Let r be w(o). What is the greatest common factor of p and r?
16
Suppose 4*h = 2*j + 20, 5*h - 4*j = 12 + 13. Suppose 4*m - 2 = 10. Let q = m - 2. Calculate the highest common factor of h and q.
1
Let m be -1 - (-2)/(-2)*(-17 - -4). What is the highest common divisor of 132 and m?
12
Let x be ((-4)/6)/((-8)/(-12)). Let v be ((-3)/6)/(x/72). Let j = 27 - 15. What is the greatest common divisor of j and v?
12
Suppose -2*v + 3*p + 71 = -122, 2 = -2*p. What is the highest common factor of v and 38?
19
Let z(w) = -w**3 - 10*w**2 - 10*w - 1. Suppose -7*s - 36 = -3*s. Let i be z(s). Calculate the highest common divisor of i and 40.
8
Suppose -4*t - 3*m + m + 6 = 0, 0 = -4*t - 5*m - 3. Suppose 2*x = -k + x + 47, -k - t*x = -41. What is the highest common factor of 20 and k?
10
Suppose 0*u - 64 = 4*u. Suppose 6 + 0 = -6*q. Let h = q - u. What is the greatest common factor of 6 and h?
3
Let o(b) = b**3 + 9*b**2 + 9*b + 4. Let s be o(-8). Let a be 5 - s/(-2) - -82. Calculate the greatest common factor of a and 34.
17
Let s = 143 + -95. Calculate the greatest common factor of s and 60.
12
Suppose -i - 5*t = -4, -5*i + t - 13 + 33 = 0. Let b(v) = -v**3 + 32. Let k be b(0). What is the greatest common factor of k and i?
4
Let w = -17 - -9. Let y = 86 + w. Let a = y - 56. What is the greatest common divisor of a and 33?
11
Let u(l) = -5*l**3 + 1. Let v be u(-1). Let f be ((-68)/(-6))/(v/9). Calculate the highest common factor of f and 17.
17
Let p(u) = -u + 11. Let s be p(-5). What is the highest common divisor of 32 and s?
16
Let i(k) = 2*k**2 - 3*k + 3. Let z be i(2). Let c be 1/3*27/3. Suppose 3*p = c*q - 3, p - 5*p = -q - z. Calculate the greatest common factor of 27 and q.
3
Suppose 175 = 3*z + 2*z + 5*u, 4*z + u - 143 = 0. Calculate the highest common factor of z and 9.
9
Let i be (-3 - -3)*-1 + 2. Let z = -34 + 48. What is the highest common divisor of z and i?
2
Suppose -18 = -3*c + 30. Let q(n) = -22*n - 5. Let o be q(-9). Suppose -2*w + 132 = 3*j + j, -3*w = j - o. What is the greatest common divisor of c and w?
16
Let l(j) = j**2 + 0*j**2 + 4*j - 7 + 2*j. Suppose 0 = -3*z + 17 + 10. Let g be l(z). What is the greatest common factor of g and 16?
16
Let m be 2/7 + (-6420)/28. Let z = 471 + m. Calculate the greatest common factor of 22 and z.
22
Let l(x) = 4*x**2 - 21*x. Let h be l(9). Calculate the highest common divisor of 15 and h.
15
Suppose 9*f = 4*f + 70. Suppose 2 = -4*a + 22. Let r = -3 + a. What is the highest common factor of f and r?
2
Let j(h) = h + 6. Let g be j(-6). Let i = 1 - g. Let w(n) = 48*n**2 + n - 1. Let v be w(i). What is the highest common factor of v and 32?
16
Let y = 17 - 12. Suppose -y*p = 4*s - 188, -5*s - 74 - 60 = -4*p. What is the highest common factor of p and 6?
6
Let v = -12 + 17. Suppose -v*i + 47 = -3. Suppose -4*j + 330 = -10*m + 5*m, 0 = -3*j + 4*m + 248. Calculate the greatest common factor of j and i.
10
Suppose 2*q = 5*f - 75, -4*f + 43 = -5*q - 0. Let s(t) = -3*t - 1. Let k be s(-6). What is the highest common divisor of f and k?
17
Let x = 148 - 262. Let d = -196 - x. Let c = -46 - d. What is the greatest common factor of 4 and c?
4
Let v(w) = -w**2 + 8*w - 2. Let z be v(3). Let u be 30 - (-3)/(-3)*4. Calculate the greatest common divisor of z and u.
13
Let o(s) = -3*s**3 + s**2 - 3*s - 5. Let v be o(-2). Calculate the greatest common factor of v and 29.
29
Let n = 34 - 23. Let d(a) = -a**2 + 14*a - 14. Let z be d(n). Calculate the highest common divisor of 76 and z.
19
Let z = 573 + -363. Calculate the highest common divisor of z and 30.
30
Suppose 22*c + 29 = 95. Suppose a = 4*m + 22, -2*a + a - 4*m = 10. What is the greatest common divisor of a and c?
3
Let s = 4 - -2. What is the greatest common factor of s and 48?
6
Suppose 7*q = -22 + 106. Calculate the highest common factor of q and 20.
4
Let n(s) = -s - 3. Let g be n(-6). Let h = 0 + 8. Suppose -g*t - 45 = -h*t. What is the greatest common divisor of 18 and t?
9
Let y(f) = 2*f - 6. Let t(g) = 9*g - 25. Let i(b) = 6*t(b) - 26*y(b). Let l be i(10). What is the greatest common factor of l and 26?
26
Let t = -29 + 2. Let z = 48 + t. Calculate the greatest common factor of z and 21.
21
Let d = 24 - 16. What is the highest common divisor of d and 88?
8
Suppose -60 = -10*f + 4*f. Calculate the highest common factor of f and 50.
10
Suppose -b = b - 8. Suppose l + b*m - 4 = 0, 0*m - m - 51 = -3*l. What is the greatest common factor of l and 16?
16
Let y be (6/6)/(10/(-108))*-35. What is the greatest common divisor of y and 42?
42
Let i(r) = -r - 12. Let b be i(-17). Calculate the greatest common factor of b and 1.
1
Suppose 0*n - 6*n + 510 = 0. Calculate the greatest common factor of 17 and n.
17
Let n(g) = 3*g + 102. Le